 z + h. What is the remainder when o is divided by 7?
4
Let b(q) = 48*q - 30. Let a be b(9). Suppose 0*w - 3*w + a = 0. Suppose 5*l = 8*l - 51. Calculate the remainder when w is divided by l.
15
Let t be 1/(4/(-1) + 5). Suppose -t + 16 = -3*z - h, -z = 2*h. What is the remainder when 38 is divided by (21*z/27)/(2/(-3))?
3
Let v = -164971 + 165086. Let h(b) = 11*b**2 + 4*b + 3. Calculate the remainder when v is divided by h(-2).
37
Suppose -6*y + 429 = 2013. Calculate the remainder when ((-13)/3)/(-5 - 1312/y) is divided by 37.
32
Suppose 226 = 2*a - 222. Let u be (4 + a/(-49))/(2/(-14)). Suppose -1 = -y + d + 8, -u*d = -y + 24. What is the remainder when 14 is divided by y?
2
Suppose -60*p + 1400 = -50*p. Calculate the remainder when p is divided by 72.
68
Let d(q) = -q**2 + 13*q + 4. Let f be d(7). Suppose -9 = -v - 4. Suppose 2*r + 2*r - f = -v*a, 2 = -2*r. What is the remainder when 37 is divided by a?
7
What is the remainder when 3055 is divided by 15 + 627/18 - (-2)/12?
5
Let h = 655 - -1214. Suppose 18*m - h = -3*m. Calculate the remainder when m is divided by 9.
8
Suppose 5*h - 9 = 4*o - 15, -3*o - 5 = h. Let g(m) = m**3 - 3*m**2 - m + 4. Let j be g(4). Calculate the remainder when 126 is divided by (-1 - -2) + o + j.
14
Suppose -113*h = -59*h - 4698. Calculate the remainder when 950 is divided by h.
80
Let o = 2933 - 2915. What is the remainder when 1113 is divided by o?
15
Suppose 96*o = 256*o - 123040. Calculate the remainder when o is divided by 76.
9
Suppose l = 3*o + 2*l - 57, -38 = -o + 6*l. Calculate the remainder when 2275 is divided by o.
15
Let s = -188 - -254. Suppose 7*g = 4*g - 5*i, 0 = 2*g - 3*i - 19. Calculate the remainder when s is divided by g.
1
Let z = 2572 + -2449. What is the remainder when 737 is divided by z?
122
Let i(w) = -7*w**3 - 8*w**2 + 6*w + 32. Calculate the remainder when 925 is divided by i(-3).
8
Let p(a) = 2*a**3 - 76*a**2 - 79*a + 46. Let m = 47 + -35. What is the remainder when m is divided by p(39)?
5
Let v(c) = 7*c**2 - 6*c - 6. Let a be v(-4). Suppose 5*f = -0*f + a. Let w = 2094 + -2044. What is the remainder when w is divided by f?
24
Let c be (-8745)/(-225) - 4/(-30). Let s(u) = 0 - 78*u + 1 + 37*u + 18*u**2 + c*u. What is the remainder when 61 is divided by s(1)?
10
Let s be ((-6)/16)/(1*7/(-56)). Calculate the remainder when 62 is divided by 24/s - (-140)/10.
18
Calculate the remainder when (-273728)/(-144) - (8 + (-438)/54) is divided by 309.
47
Let s = -435 + 705. Calculate the remainder when s is divided by 92.
86
Suppose -3*b + 218 = -2*z, -20*z + 15*z = 2*b - 101. What is the remainder when 3533 is divided by b?
65
What is the remainder when 96 is divided by -182*(-1 - (-15)/30)?
5
Suppose 27*y = -58*y + 10200. What is the remainder when y is divided by 41?
38
Suppose -76 = -14*k + 120. Let l(r) = -r**2 - 12*r - 8. Let v be l(-11). Let i(t) = 4*t**2 - 4*t - 4. What is the remainder when i(v) is divided by k?
6
Let h(x) = -3*x**2 + 35*x - 10. Let v be h(10). Suppose -11 = k - v. What is the remainder when k is divided by 14?
1
Let u(l) = -19*l - 1046. Calculate the remainder when 315 is divided by u(-63).
13
Suppose 4*t + 4 = -2*y - 4, -20 = -5*y. What is the remainder when 27 is divided by 6/((-18)/(-33)) - t?
12
Suppose -24*z + 1083 = -5*z. Let n = z - 25. Calculate the remainder when n is divided by 11.
10
Let t = 78 + -40. Suppose 7*o = -246 + 2094. What is the remainder when o is divided by t?
36
Suppose -10*z - 405 = -425. Suppose z*n + 41 + 215 = 2*k, 0 = -k - 5*n + 104. What is the remainder when k is divided by 32?
28
Let p = -18038 + 18108. What is the remainder when 5458 is divided by p?
68
Let l(o) = 325*o + 6504. What is the remainder when 234 is divided by l(-20)?
2
Suppose -4*j + d + 10 = 97, 3*j = 4*d - 75. Let p = j + 30. What is the remainder when 0 + 70 - 9/p is divided by 24?
21
Let r(n) = -3*n**3 - 6*n**2 + 2*n - 6. Let v be r(-5). What is the remainder when (-2)/5*(-6 - v) is divided by 18?
14
Suppose -4*t + 18 + 2 = 0. Let s be (4/8)/((-4)/104). Let x(v) = -v**2 - 14*v + 25. Calculate the remainder when x(s) is divided by t.
3
What is the remainder when (-3)/39 - (-63800)/286 is divided by 193?
30
Let x = -38864 - -38968. What is the remainder when 562 is divided by x?
42
Let u = -2100 + 2674. What is the remainder when u is divided by 12?
10
Suppose 0 = 3*a + 12 - 42. Let x(p) = -p**3 - 19*p**2 + 40*p - 3. Suppose 208 + 44 = -12*v. What is the remainder when x(v) is divided by a?
9
Suppose 16*n - 224 = 24*n. Let a be (-4)/n + 60/21 + -1. Suppose 0*y + a*y = 3*u - 159, 0 = 2*u + y - 113. Calculate the remainder when u is divided by 7.
6
Let t(s) = s**2 - 15*s + 18. Let v be t(-19). Let b be (-1 - (-1 + 3))*1. What is the remainder when (-24)/(-9) + b - v/(-12) is divided by 14?
13
Let n be -6*(35/(-10) + 3). Let g be 0*(-2)/(4/(-2)). Suppose g*s = 5*x + 4*s - 48, n*s + 2 = x. Calculate the remainder when 39 is divided by x.
7
Calculate the remainder when 632 is divided by 198 + 0 + 2 + 9.
5
Let b = -162 - -135. Suppose -4*j = -5*l + 132, 3*l = j - 0*j + 82. What is the remainder when b*(-4 + 6)/(2/(-3)) is divided by l?
25
Let a = -36314 + 36339. Calculate the remainder when 102 is divided by a.
2
Suppose 4*z + 6*i = 8*i + 788, -8*i = -z + 167. What is the remainder when z is divided by 66?
1
Suppose -246 = -7*g + 552. Calculate the remainder when g is divided by 95.
19
Suppose -2*k - 3*k = -35. Suppose -2*j = -c + 400 - 397, -3*c - 2*j = -17. What is the remainder when k is divided by c?
2
Let a = -1245 + 2068. Suppose -29*j = -192 - a. What is the remainder when 70 is divided by j?
0
Let i(j) = j**3 - 9*j**2 + 12*j - 12. Let r(k) be the first derivative of k**4/2 - 2*k**3 + 16*k + 122. What is the remainder when r(5) is divided by i(8)?
16
Let u = -430 + 434. Let x(c) = c**2 - 2. Let m be x(-7). Suppose -21 = -u*n + m. Calculate the remainder when n is divided by 7.
3
Suppose -1180 = -9*q + 5*q. Suppose 4*y - 3*m = 2*m + 148, 0 = 2*m. Calculate the remainder when q is divided by y.
36
Suppose -120*k + 340 = -52*k. Calculate the remainder when 116 is divided by k.
1
Let j be 4 + -1 + (21/7 - 18). What is the remainder when 97 is divided by (-1)/(-4) - 393/j?
31
Let p(l) = -l**3 + 14*l - 8. Let q be p(-5). Let a(h) = -12*h**2 - 1. Let i be a(-1). Let f = q + i. Calculate the remainder when f is divided by 9.
7
Let o = 9729 + -9700. Calculate the remainder when o is divided by 21.
8
Let b(d) = -23*d - 1. Let o = 2492 + -2417. What is the remainder when o is divided by b(-1)?
9
Suppose -4*c + b = 623, -3*b - 790 = 5*c - 8*b. Let d = 168 + c. What is the remainder when 75 is divided by d?
10
Suppose 0 = 5*m + 2*y - 16 - 4, -4*m - y + 13 = 0. Let d be m/(3 + (-65)/25). Suppose -124 = -d*p - 39. What is the remainder when 67 is divided by p?
16
Let z = 8 - -4. Suppose -2*k = -5*k + z. Let w(o) = o**2 + 6*o - 6. What is the remainder when w(k) is divided by 7?
6
Suppose -4*v - 196 = -4*o, -5*o + 4*v + 155 = -87. What is the remainder when 497 is divided by o?
37
Let w(f) = 48*f**3 + 3*f**2 + 26*f - 66. Calculate the remainder when w(3) is divided by 20.
15
Let i be (-9 - -3)*225/(-2)*11. What is the remainder when (-4)/(-7) - i/(-77) is divided by 25?
22
Let p be (-3 - 16)*(-3 + 2)*1. Let x(u) = u**2 - 37*u - 51 + p*u + 0*u**2. What is the remainder when 32 is divided by x(21)?
8
Suppose -18*m + 1365 = 3*a - 21*m, -9 = 3*m. Calculate the remainder when a is divided by 72.
20
Suppose -5*a = 2*u - 2, -32*a + 26 = 2*u - 33*a. Calculate the remainder when 96 is divided by u.
8
Suppose 16*b - 348 + 351 - 1907 = 0. What is the remainder when b is divided by (-262)/(-6) + (-2)/(-6)?
31
Suppose 2*g - c - 41 = 0, 0 = 41*g - 38*g + c - 44. What is the remainder when 895 is divided by g?
11
Let r = 7332 + -6761. Calculate the remainder when r is divided by 58.
49
Let h(n) = -28*n - 861. What is the remainder when 1074 is divided by h(-31)?
3
Suppose -3 = -y - 1. Calculate the remainder when 8 - -32 - -8 - -9 is divided by 30/((-2 + 3)*y).
12
Suppose -4*b + 76 = 4*h, 2*b - 35 = -0*b - 3*h. Let j(k) = -k**3 + 123*k**2 + 159*k - 4248. Calculate the remainder when j(124) is divided by b.
4
Suppose 3*r = 5 + 1. Suppose 6 = -2*a - u - 1, 2*a - 2*u = r. Calculate the remainder when 